common divisor of 472 and 649.
59
What is the highest common factor of 2755 and 145?
145
What is the highest common factor of 136 and 9554?
34
Calculate the highest common factor of 10 and 535.
5
What is the highest common divisor of 30 and 4245?
15
What is the greatest common factor of 6732 and 1020?
204
Calculate the highest common factor of 150 and 435.
15
What is the greatest common factor of 540 and 20?
20
What is the greatest common divisor of 39 and 221?
13
Calculate the greatest common divisor of 55 and 4455.
55
Calculate the highest common divisor of 2 and 19.
1
What is the greatest common factor of 5 and 45?
5
Calculate the greatest common divisor of 176 and 3014.
22
Calculate the highest common divisor of 158 and 4819.
79
Calculate the highest common factor of 380 and 20.
20
Calculate the highest common factor of 381 and 21.
3
Calculate the highest common divisor of 1536 and 24.
24
Calculate the greatest common divisor of 2622 and 966.
138
Calculate the highest common divisor of 30769 and 29.
29
Calculate the greatest common divisor of 32274 and 594.
198
What is the greatest common factor of 980 and 3955?
35
Calculate the greatest common factor of 1290 and 688.
86
What is the greatest common divisor of 357 and 3417?
51
Calculate the greatest common factor of 39 and 195.
39
What is the highest common divisor of 56 and 32?
8
What is the highest common divisor of 3 and 1932?
3
Calculate the highest common factor of 52 and 78.
26
What is the highest common divisor of 1075 and 25?
25
Calculate the highest common factor of 16 and 1156.
4
What is the highest common factor of 258 and 96?
6
Calculate the highest common factor of 164 and 4.
4
Calculate the highest common divisor of 912 and 48.
48
What is the highest common factor of 18 and 342?
18
Calculate the greatest common factor of 17 and 5.
1
Calculate the greatest common factor of 68 and 52.
4
What is the highest common factor of 440 and 40?
40
Calculate the greatest common divisor of 35 and 2065.
35
What is the greatest common factor of 229 and 24503?
229
What is the greatest common factor of 6169 and 31?
31
What is the greatest common divisor of 6094 and 22?
22
What is the highest common factor of 35 and 84?
7
What is the highest common divisor of 121 and 209?
11
What is the highest common factor of 522 and 18?
18
Calculate the greatest common divisor of 7744 and 32.
32
What is the greatest common divisor of 57 and 48?
3
What is the greatest common factor of 513 and 57?
57
What is the greatest common divisor of 14089 and 146?
73
Calculate the greatest common factor of 25 and 100.
25
What is the greatest common factor of 210 and 490?
70
Calculate the highest common factor of 2527 and 76.
19
What is the highest common divisor of 1260 and 540?
180
Calculate the highest common factor of 35 and 10.
5
What is the highest common factor of 1421 and 29?
29
Calculate the greatest common factor of 27 and 39.
3
Calculate the greatest common divisor of 224 and 2272.
32
What is the greatest common factor of 123 and 25379?
41
Calculate the greatest common factor of 20726 and 258.
86
What is the highest common divisor of 493 and 51?
17
What is the highest common factor of 121 and 33?
11
Calculate the greatest common divisor of 81 and 3456.
27
What is the highest common factor of 42 and 2121?
21
What is the highest common divisor of 23888 and 16?
16
Calculate the highest common factor of 11808 and 41.
41
What is the greatest common factor of 450 and 350?
50
What is the highest common factor of 75 and 8100?
75
Calculate the highest common divisor of 130 and 138.
2
What is the greatest common divisor of 552 and 207?
69
What is the highest common factor of 3068 and 32?
4
Calculate the highest common divisor of 104 and 8.
8
What is the greatest common divisor of 652 and 163?
163
Calculate the highest common divisor of 1054 and 85.
17
What is the highest common factor of 225 and 1875?
75
What is the highest common divisor of 1938 and 306?
102
Calculate the greatest common factor of 172 and 1462.
86
What is the highest common factor of 1212 and 1414?
202
What is the greatest common divisor of 33544 and 56?
56
Calculate the greatest common divisor of 1152 and 36.
36
What is the highest common factor of 20 and 4010?
10
What is the highest common divisor of 440 and 128?
8
Calculate the highest common factor of 150 and 6.
6
What is the greatest common divisor of 168 and 63?
21
What is the highest common divisor of 93 and 186?
93
Calculate the highest common divisor of 200 and 625.
25
Calculate the highest common factor of 2056 and 8.
8
Calculate the highest common divisor of 13 and 13.
13
What is the highest common divisor of 10 and 3490?
10
Calculate the greatest common factor of 240 and 10.
10
Calculate the greatest common factor of 3 and 12.
3
What is the highest common divisor of 27 and 108?
27
Calculate the highest common factor of 918 and 216.
54
Calculate the highest common divisor of 405 and 90.
45
What is the highest common divisor of 36 and 372?
12
What is the greatest common factor of 31 and 527?
31
Calculate the greatest common factor of 77 and 10472.
77
Calculate the greatest common divisor of 96 and 160.
32
Calculate the greatest common factor of 3 and 21.
3
Calculate the highest common divisor of 14 and 518.
14
What is the highest common divisor of 574 and 246?
82
What is the highest common factor of 44 and 649?
11
What is the greatest common divisor of 1717 and 51?
17
Calculate the highest common factor of 31 and 93.
31
What is the highest common divisor of 156 and 12?
12
What is the highest common factor of 275 and 11?
11
What is the greatest common divisor of 3 and 1401?
3
What is the greatest common divisor of 2160 and 300?
60
Calculate the greatest common divisor of 40 and 540.
20
What is the greatest common factor of 2369 and 824?
103
What is the greatest common factor of 11 and 1837?
11
Calculate the highest common factor of 33 and 528.
33
Calculate the highest common divisor of 250 and 200.
50
Calculate the highest common factor of 26 and 8411.
13
What is the highest common divisor of 78 and 6123?
39
What is the highest common divisor of 66 and 1243?
11
What is the greatest common divisor of 4916 and 8?
4
Calculate the greatest common divisor of 14490 and 126.
126
What is the greatest common divisor of 41 and 2173?
41
What is the highest common factor of 6677 and 11?
11
What is the highest common factor of 15 and 21435?
15
What is the greatest common divisor of 33 and 1419?
33
Calculate the highest common factor of 16 and 10.
2
What is the greatest common divisor of 2831 and 57?
19
Calculate the greatest common factor of 22 and 33407.
11
What is the greatest common divisor of 390 and 52?
26
Calculate the greatest common factor of 450 and 54.
18
What is the greatest common divisor of 212 and 4?
4
What is the highest common divisor of 7168 and 2?
2
What is the highest common factor of 2640 and 3840?
240
What is the greatest common divisor of 270 and 2205?
45
What is the greatest common factor of 320 and 20?
20
Calculate the highest common divisor of 108 and 918.
54
Calculate the highest common factor of 790 and 2.
2
What is the highest common factor of 117 and 13?
13
Calculate the highest common divisor of 21 and 2688.
21
Calculate the greatest common divisor of 688 and 16.
16
What is the highest common factor of 169 and 273?
13
Calculate the greatest common factor of 33 and 154.
11
What is the highest common divisor of 95 and 2337?
19
What is the greatest common factor of 22 and 1562?
22
What is the highest common divisor of 48 and 1896?
24
What is the greatest common divisor of 6480 and 576?
144
Calculate the greatest common divisor of 9 and 9.
9
Calculate the highest common divisor of 196 and 6104.
28
Calculate the greatest common divisor of 108 and 189.
27
What is the highest common factor of 147 and 539?
49
Calculate the greatest common divisor of 14 and 63.
7
Calculate the greatest common divisor of 265 and 57505.
265
Calculate the greatest common divisor of 30 and 870.
30
Calculate the highest common factor of 88 and 418.
22
What is the greatest common factor of 225 and 45?
45
What is the highest common divisor of 1647 and 81?
27
Calculate the greatest common factor of 16 and 4